{"id":1290,"date":"2024-02-27T20:23:33","date_gmt":"2024-02-27T19:23:33","guid":{"rendered":"https:\/\/parafia-suchowola.pl\/?page_id=1290"},"modified":"2025-03-28T08:10:26","modified_gmt":"2025-03-28T08:10:26","slug":"ogloszenie-nr-5","status":"publish","type":"page","link":"https:\/\/parafia-suchowola.pl\/index.php\/ogloszenie-nr-5\/","title":{"rendered":"Og\u0142oszenie nr 5"},"content":{"rendered":"\n<p>Suchowola, 21.03.2024 r.<\/p>\n\n\n\n<p>INFORMACJA O WYNIKU POST\u0118POWANIA<\/p>\n\n\n\n<p>Parafia Rzymskokatolicka pw. Naj\u015bwi\u0119tszego Serca Pana Jezusa &#8211; 21-310 Wohy\u0144, Suchowola 27, informuje, \u017ce w post\u0119powaniu dotycz\u0105cym wyboru wykonawcy us\u0142ugi polegaj\u0105cej na Zarz\u0105dzaniu przedsi\u0119wzi\u0119ciem pn: \u201eTermomodernizacja ko\u015bcio\u0142a i domu parafialnego pw. Naj\u015bwi\u0119tszego Serca Pana Jezusa w Suchowoli\u201d jako najkorzystniejsza zosta\u0142a wybrana oferta wykonawcy Iwona Grzeszuk CBS Doradztwo i Marketing &#8211; 20-439 Lublin, ul. G\u0142uska 14.<\/p>\n\n\n\n<hr class=\"wp-block-separator has-alpha-channel-opacity\"\/>\n\n\n\n<p>Aktualizacja z dnia 06.03.2024 r.<\/p>\n\n\n\n<p>Parafia Rzymskokatolicka pw. Naj\u015bwi\u0119tszego Serca Pana Jezusa &#8211; 21-310 Wohy\u0144, Suchowola 27 informuje, \u017ce w Zamawiaj\u0105cy dokonuje zmiany tre\u015bci Zapytania ofertowego.<br>Jednocze\u015bnie Og\u0142oszenie w zakresie terminu sk\u0142adania ofert otrzymuje brzmienie: \u201eOferty mo\u017cna sk\u0142ada\u0107 w nieprzekraczalnym terminie do dnia 11.03.2024r. do godz. 18:00.\u201d<\/p>\n\n\n\n<p>Za\u0142\u0105czniki:<\/p>\n\n\n\n<div class=\"wp-block-file\"><a id=\"wp-block-file--media-496041c7-3a57-4dd3-8449-4a91add7d735\" href=\"https:\/\/parafia-suchowola.pl\/wp-content\/uploads\/2025\/03\/Zmiana-zapytania-ofertowego.odt\">Zmiana-zapytania-ofertowego<\/a><a href=\"https:\/\/parafia-suchowola.pl\/wp-content\/uploads\/2025\/03\/Zmiana-zapytania-ofertowego.odt\" class=\"wp-block-file__button wp-element-button\" download aria-describedby=\"wp-block-file--media-496041c7-3a57-4dd3-8449-4a91add7d735\">Pobierz<\/a><\/div>\n\n\n\n<div class=\"wp-block-file\"><a id=\"wp-block-file--media-d36b6d6e-7382-48e9-b60a-bf15bc00aca1\" href=\"https:\/\/parafia-suchowola.pl\/wp-content\/uploads\/2025\/03\/Zal-3-Formularz-ofertowy-2.odt\">Zal-3-Formularz-ofertowy 2<\/a><a href=\"https:\/\/parafia-suchowola.pl\/wp-content\/uploads\/2025\/03\/Zal-3-Formularz-ofertowy-2.odt\" class=\"wp-block-file__button wp-element-button\" download aria-describedby=\"wp-block-file--media-d36b6d6e-7382-48e9-b60a-bf15bc00aca1\">Pobierz<\/a><\/div>\n\n\n\n<hr class=\"wp-block-separator has-alpha-channel-opacity\"\/>\n\n\n\n<p>Suchowola, 27.02.2024 r.<\/p>\n\n\n\n<p>Parafia Rzymskokatolicka pw. Naj\u015bwi\u0119tszego Serca Pana Jezusa &#8211; 21-310 Wohy\u0144, Suchowola 27 og\u0142asza konkurs na wyb\u00f3r wykonawcy us\u0142ugi polegaj\u0105cej na Zarz\u0105dzaniu przedsi\u0119wzi\u0119ciem pn&nbsp;\u201eTermomodernizacja ko\u015bcio\u0142a i domu parafialnego pw. Naj\u015bwi\u0119tszego Serca Pana Jezusa w&nbsp;Suchowoli\u201d.<\/p>\n\n\n\n<p>Przedmiot zam\u00f3wienia obejmuje \u015bwiadczenie us\u0142ug, wynikaj\u0105cych z wiedzy i do\u015bwiadczenia Wykonawcy, niezb\u0119dnych do zarz\u0105dzania przedsi\u0119wzi\u0119ciem pn: \u201eTermomodernizacja ko\u015bcio\u0142a i domu parafialnego pw. Naj\u015bwi\u0119tszego Serca Pana Jezusa w Suchowoli\u201d, w tym: rozliczanie przedsi\u0119wzi\u0119cia, obs\u0142uga prawna przedsi\u0119wzi\u0119cia, przygotowanie post\u0119powa\u0144 przetargowych, pe\u0142nienie funkcji menad\u017cera projektu, nadz\u00f3r Inwestorski prowadzony zgodnie z Prawem budowlanym.<\/p>\n\n\n\n<p>Szczeg\u00f3\u0142owy opis przedmiotu zam\u00f3wienia znajduje si\u0119 stronie internetowej: parafia-suchowola.pl<\/p>\n\n\n\n<p>Zam\u00f3wienie realizowane jest przy wsparciu finansowym Narodowego Funduszu Ochrony \u015arodowiska i Gospodarki Wodnej w Warszawie, program priorytetowy nr 3.4.1 \u201eBudownictwo Energooszcz\u0119dne Cz\u0119\u015b\u0107 1) Zmniejszenie zu\u017cycia energii w budownictwie\u201d.\u2006\u2006<\/p>\n\n\n\n<p>Przy ocenie ofert, nieodrzuconych zamawiaj\u0105cy b\u0119dzie kierowa\u0142 si\u0119 kryterium ceny brutto 60%, kompetencje osoby skierowanej do wykonywania zam\u00f3wienia 40%.<\/p>\n\n\n\n<p>Zamawiaj\u0105cy wybierze t\u0105 ofert\u0119, kt\u00f3ra uzyska najwi\u0119ksz\u0105 liczb\u0119 punkt\u00f3w \u0142\u0105cznie z obu kryteri\u00f3w.<\/p>\n\n\n\n<p>Oferty mo\u017cna sk\u0142ada\u0107 w nieprzekraczalnym terminie do dnia 06.03.2024r. do godz. 18:00.<\/p>\n\n\n\n<p>ZA\u0141\u0104CZNIKI:<\/p>\n\n\n\n<div class=\"wp-block-file\"><a id=\"wp-block-file--media-2fe465c5-ff01-4386-adc5-0487f59ce0b2\" href=\"https:\/\/parafia-suchowola.pl\/wp-content\/uploads\/2025\/03\/Zapytanie-Ofertowe.odt\">Zapytanie-Ofertowe<\/a><a href=\"https:\/\/parafia-suchowola.pl\/wp-content\/uploads\/2025\/03\/Zapytanie-Ofertowe.odt\" class=\"wp-block-file__button wp-element-button\" download aria-describedby=\"wp-block-file--media-2fe465c5-ff01-4386-adc5-0487f59ce0b2\">Pobierz<\/a><\/div>\n\n\n\n<div class=\"wp-block-file\"><a id=\"wp-block-file--media-01a7139c-e0bd-4e93-b1cc-a9d64031e86a\" href=\"https:\/\/parafia-suchowola.pl\/wp-content\/uploads\/2025\/03\/Zal-1-Wykaz-uslug.odt\">Zal-1-Wykaz-uslug<\/a><a href=\"https:\/\/parafia-suchowola.pl\/wp-content\/uploads\/2025\/03\/Zal-1-Wykaz-uslug.odt\" class=\"wp-block-file__button wp-element-button\" download aria-describedby=\"wp-block-file--media-01a7139c-e0bd-4e93-b1cc-a9d64031e86a\">Pobierz<\/a><\/div>\n\n\n\n<div class=\"wp-block-file\"><a id=\"wp-block-file--media-e7b25db5-e12e-4687-878f-f3697aa7aaf4\" href=\"https:\/\/parafia-suchowola.pl\/wp-content\/uploads\/2025\/03\/Zal-2-Wykaz-osob.odt\">Zal-2-Wykaz-osob<\/a><a href=\"https:\/\/parafia-suchowola.pl\/wp-content\/uploads\/2025\/03\/Zal-2-Wykaz-osob.odt\" class=\"wp-block-file__button wp-element-button\" download aria-describedby=\"wp-block-file--media-e7b25db5-e12e-4687-878f-f3697aa7aaf4\">Pobierz<\/a><\/div>\n\n\n\n<div class=\"wp-block-file\"><a id=\"wp-block-file--media-48cc04c8-db02-4c50-8924-0c6bdfb8092c\" href=\"https:\/\/parafia-suchowola.pl\/wp-content\/uploads\/2025\/03\/Zal-3-Formularz-ofertowy.odt\">Zal-3-Formularz-ofertowy<\/a><a href=\"https:\/\/parafia-suchowola.pl\/wp-content\/uploads\/2025\/03\/Zal-3-Formularz-ofertowy.odt\" class=\"wp-block-file__button wp-element-button\" download aria-describedby=\"wp-block-file--media-48cc04c8-db02-4c50-8924-0c6bdfb8092c\">Pobierz<\/a><\/div>\n\n\n\n<div class=\"wp-block-file\"><a id=\"wp-block-file--media-2c92798c-d9d3-4c3d-8b33-af9c96387977\" href=\"https:\/\/parafia-suchowola.pl\/wp-content\/uploads\/2025\/03\/Zal-4-Oswiadczenie-wykonawcow-wspolnie-ubiegajacych-sie-o-udzielenie-zamowienia.odt\">Zal-4-Oswiadczenie-wykonawcow-wspolnie-ubiegajacych-sie-o-udzielenie-zamowienia<\/a><a href=\"https:\/\/parafia-suchowola.pl\/wp-content\/uploads\/2025\/03\/Zal-4-Oswiadczenie-wykonawcow-wspolnie-ubiegajacych-sie-o-udzielenie-zamowienia.odt\" class=\"wp-block-file__button wp-element-button\" download aria-describedby=\"wp-block-file--media-2c92798c-d9d3-4c3d-8b33-af9c96387977\">Pobierz<\/a><\/div>\n\n\n\n<div class=\"wp-block-file\"><a id=\"wp-block-file--media-7278a93c-5923-4396-8403-d3ac2eacf14b\" href=\"https:\/\/parafia-suchowola.pl\/wp-content\/uploads\/2025\/03\/Zal-5-Wzor-umowy.odt\">Zal-5-Wzor-umowy<\/a><a href=\"https:\/\/parafia-suchowola.pl\/wp-content\/uploads\/2025\/03\/Zal-5-Wzor-umowy.odt\" class=\"wp-block-file__button wp-element-button\" download aria-describedby=\"wp-block-file--media-7278a93c-5923-4396-8403-d3ac2eacf14b\">Pobierz<\/a><\/div>\n","protected":false},"excerpt":{"rendered":"<p>Suchowola, 21.03.2024 r. INFORMACJA O WYNIKU POST\u0118POWANIA Parafia Rzymskokatolicka pw. Naj\u015bwi\u0119tszego Serca Pana Jezusa &#8211; 21-310 Wohy\u0144, Suchowola 27, informuje, \u017ce w post\u0119powaniu dotycz\u0105cym wyboru wykonawcy us\u0142ugi polegaj\u0105cej na Zarz\u0105dzaniu przedsi\u0119wzi\u0119ciem pn: \u201eTermomodernizacja ko\u015bcio\u0142a i domu parafialnego pw. Naj\u015bwi\u0119tszego Serca &hellip; <a href=\"https:\/\/parafia-suchowola.pl\/index.php\/ogloszenie-nr-5\/\">Czytaj dalej <span class=\"meta-nav\">&rarr;<\/span><\/a><\/p>\n","protected":false},"author":2,"featured_media":0,"parent":0,"menu_order":0,"comment_status":"closed","ping_status":"closed","template":"","meta":{"footnotes":""},"class_list":["post-1290","page","type-page","status-publish","hentry"],"_links":{"self":[{"href":"https:\/\/parafia-suchowola.pl\/index.php\/wp-json\/wp\/v2\/pages\/1290","targetHints":{"allow":["GET"]}}],"collection":[{"href":"https:\/\/parafia-suchowola.pl\/index.php\/wp-json\/wp\/v2\/pages"}],"about":[{"href":"https:\/\/parafia-suchowola.pl\/index.php\/wp-json\/wp\/v2\/types\/page"}],"author":[{"embeddable":true,"href":"https:\/\/parafia-suchowola.pl\/index.php\/wp-json\/wp\/v2\/users\/2"}],"replies":[{"embeddable":true,"href":"https:\/\/parafia-suchowola.pl\/index.php\/wp-json\/wp\/v2\/comments?post=1290"}],"version-history":[{"count":2,"href":"https:\/\/parafia-suchowola.pl\/index.php\/wp-json\/wp\/v2\/pages\/1290\/revisions"}],"predecessor-version":[{"id":1632,"href":"https:\/\/parafia-suchowola.pl\/index.php\/wp-json\/wp\/v2\/pages\/1290\/revisions\/1632"}],"wp:attachment":[{"href":"https:\/\/parafia-suchowola.pl\/index.php\/wp-json\/wp\/v2\/media?parent=1290"}],"curies":[{"name":"wp","href":"https:\/\/api.w.org\/{rel}","templated":true}]}}