{"id":331,"date":"2020-07-28T20:24:38","date_gmt":"2020-07-28T18:24:38","guid":{"rendered":"https:\/\/parafia-suchowola.pl\/?page_id=331"},"modified":"2025-03-27T19:13:17","modified_gmt":"2025-03-27T19:13:17","slug":"ogloszenie-nr-1","status":"publish","type":"page","link":"https:\/\/parafia-suchowola.pl\/index.php\/ogloszenie-nr-1\/","title":{"rendered":"Og\u0142oszenie nr 1"},"content":{"rendered":"\n<p>10.04.2019 r.<\/p>\n\n\n\n<p>Parafia Rzymskokatolicka pw. Naj\u015bwi\u0119tszego Serca Pana Jezusa, Suchowola 27, 21-310 Wohy\u0144, informuje, i\u017c najkorzystniejsz\u0105 ofert\u0119 na wykonanie dw\u00f3ch audyt\u00f3w energetycznych dla budynk\u00f3w ko\u015bcio\u0142a i domu parafialnego pw. Naj\u015bwi\u0119tszego Serca Pana Jezusa w&nbsp;Suchowoli, w celu z\u0142o\u017cenia wniosku o&nbsp;dofinansowanie projektu pod tytu\u0142em: \u201eTermomodernizacja ko\u015bcio\u0142a i domu parafialnego pw. Naj\u015bwi\u0119tszego Serca Pana Jezusa w&nbsp;Suchowoli\u201d z\u0142o\u017cy\u0142 nast\u0119puj\u0105cy wykonawca:<strong> Biuro Konsultingowe OPOKA Andrzej Grzeszuk.<\/strong><\/p>\n\n\n\n<p>29.03.2019 r.<\/p>\n\n\n\n<p><strong>Wykonanie audytu energetycznego<\/strong><\/p>\n\n\n\n<p>Parafia Rzymskokatolicka pw. Naj\u015bwi\u0119tszego Serca Pana Jezusa, Suchowola 27, 21-310 Wohy\u0144 zaprasza do z\u0142o\u017cenia ofert na wykonanie dw\u00f3ch audyt\u00f3w energetycznych dla budynku Ko\u015bcio\u0142a pw. Naj\u015bwi\u0119tszego Serca Pana Jezusa w Suchowoli i budynku domu parafialnego, w celu z\u0142o\u017cenia wniosku o&nbsp;dofinansowanie projektu pod tytu\u0142em: \u201eTermomodernizacja ko\u015bcio\u0142a i domu parafialnego w Parafii pw. Naj\u015bwi\u0119tszego Serca Pana Jezusa w Suchowoli\u201d ze \u015brodk\u00f3w Narodowego Funduszu Ochrony \u015arodowiska i&nbsp;Gospodarki Wodnej.<\/p>\n\n\n\n<div class=\"wp-block-file\"><a id=\"wp-block-file--media-e4b612e3-14e4-4ec5-bbe5-87a877ccedef\" href=\"https:\/\/parafia-suchowola.pl\/wp-content\/uploads\/2025\/03\/Audyt-zapytanie-ofertowe.tif\">Audyt-zapytanie-ofertowe<\/a><\/div>\n\n\n\n<p><\/p>\n","protected":false},"excerpt":{"rendered":"<p>10.04.2019 r. Parafia Rzymskokatolicka pw. Naj\u015bwi\u0119tszego Serca Pana Jezusa, Suchowola 27, 21-310 Wohy\u0144, informuje, i\u017c najkorzystniejsz\u0105 ofert\u0119 na wykonanie dw\u00f3ch audyt\u00f3w energetycznych dla budynk\u00f3w ko\u015bcio\u0142a i domu parafialnego pw. Naj\u015bwi\u0119tszego Serca Pana Jezusa w&nbsp;Suchowoli, w celu z\u0142o\u017cenia wniosku o&nbsp;dofinansowanie projektu &hellip; <a href=\"https:\/\/parafia-suchowola.pl\/index.php\/ogloszenie-nr-1\/\">Czytaj dalej <span class=\"meta-nav\">&rarr;<\/span><\/a><\/p>\n","protected":false},"author":2,"featured_media":0,"parent":0,"menu_order":0,"comment_status":"closed","ping_status":"closed","template":"","meta":{"footnotes":""},"class_list":["post-331","page","type-page","status-publish","hentry"],"_links":{"self":[{"href":"https:\/\/parafia-suchowola.pl\/index.php\/wp-json\/wp\/v2\/pages\/331","targetHints":{"allow":["GET"]}}],"collection":[{"href":"https:\/\/parafia-suchowola.pl\/index.php\/wp-json\/wp\/v2\/pages"}],"about":[{"href":"https:\/\/parafia-suchowola.pl\/index.php\/wp-json\/wp\/v2\/types\/page"}],"author":[{"embeddable":true,"href":"https:\/\/parafia-suchowola.pl\/index.php\/wp-json\/wp\/v2\/users\/2"}],"replies":[{"embeddable":true,"href":"https:\/\/parafia-suchowola.pl\/index.php\/wp-json\/wp\/v2\/comments?post=331"}],"version-history":[{"count":2,"href":"https:\/\/parafia-suchowola.pl\/index.php\/wp-json\/wp\/v2\/pages\/331\/revisions"}],"predecessor-version":[{"id":1601,"href":"https:\/\/parafia-suchowola.pl\/index.php\/wp-json\/wp\/v2\/pages\/331\/revisions\/1601"}],"wp:attachment":[{"href":"https:\/\/parafia-suchowola.pl\/index.php\/wp-json\/wp\/v2\/media?parent=331"}],"curies":[{"name":"wp","href":"https:\/\/api.w.org\/{rel}","templated":true}]}}